{"id":376,"date":"2018-03-22T09:26:28","date_gmt":"2018-03-22T08:26:28","guid":{"rendered":"http:\/\/ftg-pfungstadt-fussball.de\/sportakrobatik\/?page_id=376"},"modified":"2024-03-03T12:54:23","modified_gmt":"2024-03-03T11:54:23","slug":"purzel-unter-6-jahren","status":"publish","type":"page","link":"https:\/\/ftg-pfungstadt-sportakrobatik.de\/?page_id=376","title":{"rendered":"Turnm\u00e4use 4-6 Jahre"},"content":{"rendered":"<p><strong>Mittwoch 15:30 &#8211; 16:15 Uhr<br \/>\nSamstag: 10:00 &#8211; 10:45 Uhr<br \/>\n<\/strong><strong>Trainer: Mittwoch &#8211; Judith Rapp, Samstag &#8211; Bea Cajan<\/strong><\/p>\n<ul>\n<li>Kinder von 4-6 Jahren, keine Vorkenntnisse n\u00f6tig<\/li>\n<li>Gruppengr\u00f6\u00dfe: max. 15 Kinder<\/li>\n<li>Training: 45 Minuten \/ Woche<\/li>\n<li>Vereinsinterner Wettkampf: Kinderolympiade, 1x pro Jahr<\/li>\n<\/ul>\n<p>F\u00fcr Kinder die Spa\u00df an Bewegung haben und einfache akrobatische Elemente erlernen m\u00f6chten, sowie den eigenen K\u00f6rper bewusster wahrnehmen und seinen F\u00e4higkeiten vertrauen wollen. Dabei werden auch Hand-Auge-Koordination, Gleichgewichtssinn, Teamf\u00e4higkeit und K\u00f6rperbeherrschung gef\u00f6rdert.<\/p>\n<div class=\"vce-row-container\">\n<div id=\"el-8bf9c687\" class=\"vce-row vce-row--col-gap-30 vce-row-columns--top vce-row-content--top\" data-vce-do-apply=\"all el-8bf9c687\">\n<div class=\"vce-row-content\" data-vce-element-content=\"true\">\n<div id=\"el-fb300452\" class=\"vce-col vce-col--md-auto vce-col--xs-1 vce-col--xs-last vce-col--xs-first vce-col--sm-last vce-col--sm-first vce-col--md-last vce-col--lg-last vce-col--xl-last vce-col--md-first vce-col--lg-first vce-col--xl-first\" data-vce-do-apply=\"background border el-fb300452\">\n<div class=\"vce-col-inner\" data-vce-element-content=\"true\" data-vce-do-apply=\"padding margin el-fb300452\">\n<div class=\"vce-single-image-container vce-single-image--align-left\">\n<div id=\"el-85021224\" class=\"vce vce-single-image-wrapper\" data-vce-do-apply=\"all el-85021224\"><\/div>\n<\/div>\n<\/div>\n<\/div>\n<\/div>\n<\/div>\n<\/div>\n<p><!--vcv no format--><\/p>\n","protected":false},"excerpt":{"rendered":"<p>Mittwoch 15:30 &#8211; 16:15 Uhr Samstag: 10:00 &#8211; 10:45 Uhr Trainer: Mittwoch &#8211; Judith Rapp, Samstag &#8211; Bea Cajan Kinder von 4-6 Jahren, keine Vorkenntnisse n\u00f6tig Gruppengr\u00f6\u00dfe: max. 15 Kinder Training: 45 Minuten \/ Woche Vereinsinterner Wettkampf: Kinderolympiade, 1x pro Jahr F\u00fcr Kinder die Spa\u00df an Bewegung haben und einfache akrobatische Elemente erlernen m\u00f6chten, sowie [&hellip;]<\/p>\n","protected":false},"author":1,"featured_media":0,"parent":0,"menu_order":0,"comment_status":"closed","ping_status":"closed","template":"","meta":{"footnotes":""},"class_list":["post-376","page","type-page","status-publish","hentry"],"_links":{"self":[{"href":"https:\/\/ftg-pfungstadt-sportakrobatik.de\/index.php?rest_route=\/wp\/v2\/pages\/376","targetHints":{"allow":["GET"]}}],"collection":[{"href":"https:\/\/ftg-pfungstadt-sportakrobatik.de\/index.php?rest_route=\/wp\/v2\/pages"}],"about":[{"href":"https:\/\/ftg-pfungstadt-sportakrobatik.de\/index.php?rest_route=\/wp\/v2\/types\/page"}],"author":[{"embeddable":true,"href":"https:\/\/ftg-pfungstadt-sportakrobatik.de\/index.php?rest_route=\/wp\/v2\/users\/1"}],"replies":[{"embeddable":true,"href":"https:\/\/ftg-pfungstadt-sportakrobatik.de\/index.php?rest_route=%2Fwp%2Fv2%2Fcomments&post=376"}],"version-history":[{"count":16,"href":"https:\/\/ftg-pfungstadt-sportakrobatik.de\/index.php?rest_route=\/wp\/v2\/pages\/376\/revisions"}],"predecessor-version":[{"id":6188,"href":"https:\/\/ftg-pfungstadt-sportakrobatik.de\/index.php?rest_route=\/wp\/v2\/pages\/376\/revisions\/6188"}],"wp:attachment":[{"href":"https:\/\/ftg-pfungstadt-sportakrobatik.de\/index.php?rest_route=%2Fwp%2Fv2%2Fmedia&parent=376"}],"curies":[{"name":"wp","href":"https:\/\/api.w.org\/{rel}","templated":true}]}}