{"id":4230,"date":"2020-02-13T13:17:52","date_gmt":"2020-02-13T12:17:52","guid":{"rendered":"http:\/\/ftg-pfungstadt-sportakrobatik.de\/?page_id=4230"},"modified":"2020-02-13T13:17:52","modified_gmt":"2020-02-13T12:17:52","slug":"a-klasse-2020","status":"publish","type":"page","link":"https:\/\/ftg-pfungstadt-sportakrobatik.de\/?page_id=4230","title":{"rendered":"A-Klasse 2020"},"content":{"rendered":"<p>Kaija, Vici und Emma Sch\u00fcler<br \/>\nTrainer\/in: Celina Tannert<\/p>\n<p><img loading=\"lazy\" decoding=\"async\" class=\"alignnone size-medium wp-image-4163\" src=\"http:\/\/ftg-pfungstadt-sportakrobatik.de\/wp-content\/uploads\/2020\/01\/IMG_3602--300x200.jpg\" alt=\"\" width=\"300\" height=\"200\" srcset=\"https:\/\/ftg-pfungstadt-sportakrobatik.de\/wp-content\/uploads\/2020\/01\/IMG_3602--300x200.jpg 300w, https:\/\/ftg-pfungstadt-sportakrobatik.de\/wp-content\/uploads\/2020\/01\/IMG_3602--768x512.jpg 768w, https:\/\/ftg-pfungstadt-sportakrobatik.de\/wp-content\/uploads\/2020\/01\/IMG_3602--1024x683.jpg 1024w, https:\/\/ftg-pfungstadt-sportakrobatik.de\/wp-content\/uploads\/2020\/01\/IMG_3602--696x464.jpg 696w, https:\/\/ftg-pfungstadt-sportakrobatik.de\/wp-content\/uploads\/2020\/01\/IMG_3602--1068x712.jpg 1068w, https:\/\/ftg-pfungstadt-sportakrobatik.de\/wp-content\/uploads\/2020\/01\/IMG_3602--630x420.jpg 630w\" sizes=\"auto, (max-width: 300px) 100vw, 300px\" \/> <img loading=\"lazy\" decoding=\"async\" class=\"alignnone size-medium wp-image-4161\" src=\"http:\/\/ftg-pfungstadt-sportakrobatik.de\/wp-content\/uploads\/2020\/01\/IMG_3596--300x200.jpg\" alt=\"\" width=\"300\" height=\"200\" srcset=\"https:\/\/ftg-pfungstadt-sportakrobatik.de\/wp-content\/uploads\/2020\/01\/IMG_3596--300x200.jpg 300w, https:\/\/ftg-pfungstadt-sportakrobatik.de\/wp-content\/uploads\/2020\/01\/IMG_3596--768x512.jpg 768w, https:\/\/ftg-pfungstadt-sportakrobatik.de\/wp-content\/uploads\/2020\/01\/IMG_3596--1024x683.jpg 1024w, https:\/\/ftg-pfungstadt-sportakrobatik.de\/wp-content\/uploads\/2020\/01\/IMG_3596--696x464.jpg 696w, https:\/\/ftg-pfungstadt-sportakrobatik.de\/wp-content\/uploads\/2020\/01\/IMG_3596--1068x712.jpg 1068w, https:\/\/ftg-pfungstadt-sportakrobatik.de\/wp-content\/uploads\/2020\/01\/IMG_3596--630x420.jpg 630w\" sizes=\"auto, (max-width: 300px) 100vw, 300px\" \/> <img loading=\"lazy\" decoding=\"async\" class=\"alignnone size-medium wp-image-4008\" src=\"http:\/\/ftg-pfungstadt-sportakrobatik.de\/wp-content\/uploads\/2020\/01\/IMG_4026--200x300.jpg\" alt=\"\" width=\"200\" height=\"300\" srcset=\"https:\/\/ftg-pfungstadt-sportakrobatik.de\/wp-content\/uploads\/2020\/01\/IMG_4026--200x300.jpg 200w, https:\/\/ftg-pfungstadt-sportakrobatik.de\/wp-content\/uploads\/2020\/01\/IMG_4026--768x1152.jpg 768w, https:\/\/ftg-pfungstadt-sportakrobatik.de\/wp-content\/uploads\/2020\/01\/IMG_4026--683x1024.jpg 683w, https:\/\/ftg-pfungstadt-sportakrobatik.de\/wp-content\/uploads\/2020\/01\/IMG_4026--696x1044.jpg 696w, https:\/\/ftg-pfungstadt-sportakrobatik.de\/wp-content\/uploads\/2020\/01\/IMG_4026--1068x1602.jpg 1068w, https:\/\/ftg-pfungstadt-sportakrobatik.de\/wp-content\/uploads\/2020\/01\/IMG_4026--280x420.jpg 280w\" sizes=\"auto, (max-width: 200px) 100vw, 200px\" \/> <img loading=\"lazy\" decoding=\"async\" class=\"alignnone size-medium wp-image-4009\" src=\"http:\/\/ftg-pfungstadt-sportakrobatik.de\/wp-content\/uploads\/2020\/01\/IMG_4032--200x300.jpg\" alt=\"\" width=\"200\" height=\"300\" srcset=\"https:\/\/ftg-pfungstadt-sportakrobatik.de\/wp-content\/uploads\/2020\/01\/IMG_4032--200x300.jpg 200w, https:\/\/ftg-pfungstadt-sportakrobatik.de\/wp-content\/uploads\/2020\/01\/IMG_4032--768x1152.jpg 768w, https:\/\/ftg-pfungstadt-sportakrobatik.de\/wp-content\/uploads\/2020\/01\/IMG_4032--683x1024.jpg 683w, https:\/\/ftg-pfungstadt-sportakrobatik.de\/wp-content\/uploads\/2020\/01\/IMG_4032--696x1044.jpg 696w, https:\/\/ftg-pfungstadt-sportakrobatik.de\/wp-content\/uploads\/2020\/01\/IMG_4032--1068x1602.jpg 1068w, https:\/\/ftg-pfungstadt-sportakrobatik.de\/wp-content\/uploads\/2020\/01\/IMG_4032--280x420.jpg 280w\" sizes=\"auto, (max-width: 200px) 100vw, 200px\" \/><\/p>\n<p>Ida und Lilly Jugend<br \/>\nTrainer\/in: Sophia Kunder<\/p>\n<p><img loading=\"lazy\" decoding=\"async\" class=\"alignnone size-medium wp-image-4110\" src=\"http:\/\/ftg-pfungstadt-sportakrobatik.de\/wp-content\/uploads\/2020\/01\/IMG_3307--200x300.jpg\" alt=\"\" width=\"200\" height=\"300\" srcset=\"https:\/\/ftg-pfungstadt-sportakrobatik.de\/wp-content\/uploads\/2020\/01\/IMG_3307--200x300.jpg 200w, https:\/\/ftg-pfungstadt-sportakrobatik.de\/wp-content\/uploads\/2020\/01\/IMG_3307--768x1152.jpg 768w, https:\/\/ftg-pfungstadt-sportakrobatik.de\/wp-content\/uploads\/2020\/01\/IMG_3307--683x1024.jpg 683w, https:\/\/ftg-pfungstadt-sportakrobatik.de\/wp-content\/uploads\/2020\/01\/IMG_3307--696x1044.jpg 696w, https:\/\/ftg-pfungstadt-sportakrobatik.de\/wp-content\/uploads\/2020\/01\/IMG_3307--1068x1602.jpg 1068w, https:\/\/ftg-pfungstadt-sportakrobatik.de\/wp-content\/uploads\/2020\/01\/IMG_3307--280x420.jpg 280w\" sizes=\"auto, (max-width: 200px) 100vw, 200px\" \/> <img loading=\"lazy\" decoding=\"async\" class=\"alignnone size-medium wp-image-4109\" src=\"http:\/\/ftg-pfungstadt-sportakrobatik.de\/wp-content\/uploads\/2020\/01\/IMG_3302--200x300.jpg\" alt=\"\" width=\"200\" height=\"300\" srcset=\"https:\/\/ftg-pfungstadt-sportakrobatik.de\/wp-content\/uploads\/2020\/01\/IMG_3302--200x300.jpg 200w, https:\/\/ftg-pfungstadt-sportakrobatik.de\/wp-content\/uploads\/2020\/01\/IMG_3302--768x1152.jpg 768w, https:\/\/ftg-pfungstadt-sportakrobatik.de\/wp-content\/uploads\/2020\/01\/IMG_3302--683x1024.jpg 683w, https:\/\/ftg-pfungstadt-sportakrobatik.de\/wp-content\/uploads\/2020\/01\/IMG_3302--696x1044.jpg 696w, https:\/\/ftg-pfungstadt-sportakrobatik.de\/wp-content\/uploads\/2020\/01\/IMG_3302--1068x1602.jpg 1068w, https:\/\/ftg-pfungstadt-sportakrobatik.de\/wp-content\/uploads\/2020\/01\/IMG_3302--280x420.jpg 280w\" sizes=\"auto, (max-width: 200px) 100vw, 200px\" \/> <img loading=\"lazy\" decoding=\"async\" class=\"alignnone size-medium wp-image-3951\" src=\"http:\/\/ftg-pfungstadt-sportakrobatik.de\/wp-content\/uploads\/2020\/01\/IMG_3692--300x200.jpg\" alt=\"\" width=\"300\" height=\"200\" srcset=\"https:\/\/ftg-pfungstadt-sportakrobatik.de\/wp-content\/uploads\/2020\/01\/IMG_3692--300x200.jpg 300w, https:\/\/ftg-pfungstadt-sportakrobatik.de\/wp-content\/uploads\/2020\/01\/IMG_3692--768x512.jpg 768w, https:\/\/ftg-pfungstadt-sportakrobatik.de\/wp-content\/uploads\/2020\/01\/IMG_3692--1024x683.jpg 1024w, https:\/\/ftg-pfungstadt-sportakrobatik.de\/wp-content\/uploads\/2020\/01\/IMG_3692--696x464.jpg 696w, https:\/\/ftg-pfungstadt-sportakrobatik.de\/wp-content\/uploads\/2020\/01\/IMG_3692--1068x712.jpg 1068w, https:\/\/ftg-pfungstadt-sportakrobatik.de\/wp-content\/uploads\/2020\/01\/IMG_3692--630x420.jpg 630w\" sizes=\"auto, (max-width: 300px) 100vw, 300px\" \/> <img loading=\"lazy\" decoding=\"async\" class=\"alignnone size-medium wp-image-3950\" src=\"http:\/\/ftg-pfungstadt-sportakrobatik.de\/wp-content\/uploads\/2020\/01\/IMG_3684--200x300.jpg\" alt=\"\" width=\"200\" height=\"300\" srcset=\"https:\/\/ftg-pfungstadt-sportakrobatik.de\/wp-content\/uploads\/2020\/01\/IMG_3684--200x300.jpg 200w, https:\/\/ftg-pfungstadt-sportakrobatik.de\/wp-content\/uploads\/2020\/01\/IMG_3684--768x1152.jpg 768w, https:\/\/ftg-pfungstadt-sportakrobatik.de\/wp-content\/uploads\/2020\/01\/IMG_3684--683x1024.jpg 683w, https:\/\/ftg-pfungstadt-sportakrobatik.de\/wp-content\/uploads\/2020\/01\/IMG_3684--696x1044.jpg 696w, https:\/\/ftg-pfungstadt-sportakrobatik.de\/wp-content\/uploads\/2020\/01\/IMG_3684--1068x1602.jpg 1068w, https:\/\/ftg-pfungstadt-sportakrobatik.de\/wp-content\/uploads\/2020\/01\/IMG_3684--280x420.jpg 280w\" sizes=\"auto, (max-width: 200px) 100vw, 200px\" \/><\/p>\n<p>&nbsp;<\/p>\n<p>Isabel, No\u00e9mi und Yujin Jugend<br \/>\nTrainer\/in: Vanessa Rapp, David M\u00fcllmann<\/p>\n<p><img loading=\"lazy\" decoding=\"async\" class=\"alignnone size-medium wp-image-4132\" src=\"http:\/\/ftg-pfungstadt-sportakrobatik.de\/wp-content\/uploads\/2020\/01\/IMG_3456--300x200.jpg\" alt=\"\" width=\"300\" height=\"200\" srcset=\"https:\/\/ftg-pfungstadt-sportakrobatik.de\/wp-content\/uploads\/2020\/01\/IMG_3456--300x200.jpg 300w, https:\/\/ftg-pfungstadt-sportakrobatik.de\/wp-content\/uploads\/2020\/01\/IMG_3456--768x512.jpg 768w, https:\/\/ftg-pfungstadt-sportakrobatik.de\/wp-content\/uploads\/2020\/01\/IMG_3456--1024x683.jpg 1024w, https:\/\/ftg-pfungstadt-sportakrobatik.de\/wp-content\/uploads\/2020\/01\/IMG_3456--696x464.jpg 696w, https:\/\/ftg-pfungstadt-sportakrobatik.de\/wp-content\/uploads\/2020\/01\/IMG_3456--1068x712.jpg 1068w, https:\/\/ftg-pfungstadt-sportakrobatik.de\/wp-content\/uploads\/2020\/01\/IMG_3456--630x420.jpg 630w\" sizes=\"auto, (max-width: 300px) 100vw, 300px\" \/>\u00a0<img loading=\"lazy\" decoding=\"async\" class=\"alignnone size-medium wp-image-4130\" src=\"http:\/\/ftg-pfungstadt-sportakrobatik.de\/wp-content\/uploads\/2020\/01\/IMG_3439--300x200.jpg\" alt=\"\" width=\"300\" height=\"200\" srcset=\"https:\/\/ftg-pfungstadt-sportakrobatik.de\/wp-content\/uploads\/2020\/01\/IMG_3439--300x200.jpg 300w, https:\/\/ftg-pfungstadt-sportakrobatik.de\/wp-content\/uploads\/2020\/01\/IMG_3439--768x512.jpg 768w, https:\/\/ftg-pfungstadt-sportakrobatik.de\/wp-content\/uploads\/2020\/01\/IMG_3439--1024x683.jpg 1024w, https:\/\/ftg-pfungstadt-sportakrobatik.de\/wp-content\/uploads\/2020\/01\/IMG_3439--696x464.jpg 696w, https:\/\/ftg-pfungstadt-sportakrobatik.de\/wp-content\/uploads\/2020\/01\/IMG_3439--1068x712.jpg 1068w, https:\/\/ftg-pfungstadt-sportakrobatik.de\/wp-content\/uploads\/2020\/01\/IMG_3439--630x420.jpg 630w\" sizes=\"auto, (max-width: 300px) 100vw, 300px\" \/><img loading=\"lazy\" decoding=\"async\" class=\"alignnone size-medium wp-image-3966\" src=\"http:\/\/ftg-pfungstadt-sportakrobatik.de\/wp-content\/uploads\/2020\/01\/IMG_3818--200x300.jpg\" alt=\"\" width=\"200\" height=\"300\" srcset=\"https:\/\/ftg-pfungstadt-sportakrobatik.de\/wp-content\/uploads\/2020\/01\/IMG_3818--200x300.jpg 200w, https:\/\/ftg-pfungstadt-sportakrobatik.de\/wp-content\/uploads\/2020\/01\/IMG_3818--768x1152.jpg 768w, https:\/\/ftg-pfungstadt-sportakrobatik.de\/wp-content\/uploads\/2020\/01\/IMG_3818--683x1024.jpg 683w, https:\/\/ftg-pfungstadt-sportakrobatik.de\/wp-content\/uploads\/2020\/01\/IMG_3818--696x1044.jpg 696w, https:\/\/ftg-pfungstadt-sportakrobatik.de\/wp-content\/uploads\/2020\/01\/IMG_3818--1068x1602.jpg 1068w, https:\/\/ftg-pfungstadt-sportakrobatik.de\/wp-content\/uploads\/2020\/01\/IMG_3818--280x420.jpg 280w\" sizes=\"auto, (max-width: 200px) 100vw, 200px\" \/> <img loading=\"lazy\" decoding=\"async\" class=\"alignnone size-medium wp-image-3964\" src=\"http:\/\/ftg-pfungstadt-sportakrobatik.de\/wp-content\/uploads\/2020\/01\/IMG_3805--200x300.jpg\" alt=\"\" width=\"200\" height=\"300\" srcset=\"https:\/\/ftg-pfungstadt-sportakrobatik.de\/wp-content\/uploads\/2020\/01\/IMG_3805--200x300.jpg 200w, https:\/\/ftg-pfungstadt-sportakrobatik.de\/wp-content\/uploads\/2020\/01\/IMG_3805--768x1152.jpg 768w, https:\/\/ftg-pfungstadt-sportakrobatik.de\/wp-content\/uploads\/2020\/01\/IMG_3805--683x1024.jpg 683w, https:\/\/ftg-pfungstadt-sportakrobatik.de\/wp-content\/uploads\/2020\/01\/IMG_3805--696x1044.jpg 696w, https:\/\/ftg-pfungstadt-sportakrobatik.de\/wp-content\/uploads\/2020\/01\/IMG_3805--1068x1602.jpg 1068w, https:\/\/ftg-pfungstadt-sportakrobatik.de\/wp-content\/uploads\/2020\/01\/IMG_3805--280x420.jpg 280w\" sizes=\"auto, (max-width: 200px) 100vw, 200px\" \/><\/p>\n<p>&nbsp;<\/p>\n<p>Alida, Jana und Lilly Jugend<br \/>\nTrainer\/in: No\u00e9lle-Christin Binczyk, Olaf Maa\u00df<\/p>\n<p><img loading=\"lazy\" decoding=\"async\" class=\"alignnone size-medium wp-image-4149\" src=\"http:\/\/ftg-pfungstadt-sportakrobatik.de\/wp-content\/uploads\/2020\/01\/IMG_3544-Bearbeitet--300x200.jpg\" alt=\"\" width=\"300\" height=\"200\" srcset=\"https:\/\/ftg-pfungstadt-sportakrobatik.de\/wp-content\/uploads\/2020\/01\/IMG_3544-Bearbeitet--300x200.jpg 300w, https:\/\/ftg-pfungstadt-sportakrobatik.de\/wp-content\/uploads\/2020\/01\/IMG_3544-Bearbeitet--768x512.jpg 768w, https:\/\/ftg-pfungstadt-sportakrobatik.de\/wp-content\/uploads\/2020\/01\/IMG_3544-Bearbeitet--1024x683.jpg 1024w, https:\/\/ftg-pfungstadt-sportakrobatik.de\/wp-content\/uploads\/2020\/01\/IMG_3544-Bearbeitet--696x464.jpg 696w, https:\/\/ftg-pfungstadt-sportakrobatik.de\/wp-content\/uploads\/2020\/01\/IMG_3544-Bearbeitet--1068x712.jpg 1068w, https:\/\/ftg-pfungstadt-sportakrobatik.de\/wp-content\/uploads\/2020\/01\/IMG_3544-Bearbeitet--630x420.jpg 630w\" sizes=\"auto, (max-width: 300px) 100vw, 300px\" \/><img loading=\"lazy\" decoding=\"async\" class=\"alignnone size-medium wp-image-4153\" src=\"http:\/\/ftg-pfungstadt-sportakrobatik.de\/wp-content\/uploads\/2020\/01\/IMG_3563-Bearbeitet--200x300.jpg\" alt=\"\" width=\"200\" height=\"300\" srcset=\"https:\/\/ftg-pfungstadt-sportakrobatik.de\/wp-content\/uploads\/2020\/01\/IMG_3563-Bearbeitet--200x300.jpg 200w, https:\/\/ftg-pfungstadt-sportakrobatik.de\/wp-content\/uploads\/2020\/01\/IMG_3563-Bearbeitet--768x1152.jpg 768w, https:\/\/ftg-pfungstadt-sportakrobatik.de\/wp-content\/uploads\/2020\/01\/IMG_3563-Bearbeitet--683x1024.jpg 683w, https:\/\/ftg-pfungstadt-sportakrobatik.de\/wp-content\/uploads\/2020\/01\/IMG_3563-Bearbeitet--696x1044.jpg 696w, https:\/\/ftg-pfungstadt-sportakrobatik.de\/wp-content\/uploads\/2020\/01\/IMG_3563-Bearbeitet--1068x1602.jpg 1068w, https:\/\/ftg-pfungstadt-sportakrobatik.de\/wp-content\/uploads\/2020\/01\/IMG_3563-Bearbeitet--280x420.jpg 280w\" sizes=\"auto, (max-width: 200px) 100vw, 200px\" \/><img loading=\"lazy\" decoding=\"async\" class=\"alignnone size-medium wp-image-3961\" src=\"http:\/\/ftg-pfungstadt-sportakrobatik.de\/wp-content\/uploads\/2020\/01\/IMG_3791--300x200.jpg\" alt=\"\" width=\"300\" height=\"200\" srcset=\"https:\/\/ftg-pfungstadt-sportakrobatik.de\/wp-content\/uploads\/2020\/01\/IMG_3791--300x200.jpg 300w, https:\/\/ftg-pfungstadt-sportakrobatik.de\/wp-content\/uploads\/2020\/01\/IMG_3791--768x512.jpg 768w, https:\/\/ftg-pfungstadt-sportakrobatik.de\/wp-content\/uploads\/2020\/01\/IMG_3791--1024x683.jpg 1024w, https:\/\/ftg-pfungstadt-sportakrobatik.de\/wp-content\/uploads\/2020\/01\/IMG_3791--696x464.jpg 696w, https:\/\/ftg-pfungstadt-sportakrobatik.de\/wp-content\/uploads\/2020\/01\/IMG_3791--1068x712.jpg 1068w, https:\/\/ftg-pfungstadt-sportakrobatik.de\/wp-content\/uploads\/2020\/01\/IMG_3791--630x420.jpg 630w\" sizes=\"auto, (max-width: 300px) 100vw, 300px\" \/><img loading=\"lazy\" decoding=\"async\" class=\"alignnone size-medium wp-image-3957\" src=\"http:\/\/ftg-pfungstadt-sportakrobatik.de\/wp-content\/uploads\/2020\/01\/IMG_3757--300x200.jpg\" alt=\"\" width=\"300\" height=\"200\" srcset=\"https:\/\/ftg-pfungstadt-sportakrobatik.de\/wp-content\/uploads\/2020\/01\/IMG_3757--300x200.jpg 300w, https:\/\/ftg-pfungstadt-sportakrobatik.de\/wp-content\/uploads\/2020\/01\/IMG_3757--768x512.jpg 768w, https:\/\/ftg-pfungstadt-sportakrobatik.de\/wp-content\/uploads\/2020\/01\/IMG_3757--1024x683.jpg 1024w, https:\/\/ftg-pfungstadt-sportakrobatik.de\/wp-content\/uploads\/2020\/01\/IMG_3757--696x464.jpg 696w, https:\/\/ftg-pfungstadt-sportakrobatik.de\/wp-content\/uploads\/2020\/01\/IMG_3757--1068x712.jpg 1068w, https:\/\/ftg-pfungstadt-sportakrobatik.de\/wp-content\/uploads\/2020\/01\/IMG_3757--630x420.jpg 630w\" sizes=\"auto, (max-width: 300px) 100vw, 300px\" \/><\/p>\n<p>&nbsp;<\/p>\n<p>Luise und Juliana Junioren 2<br \/>\nTrainer\/in: Vanessa Rapp, Olaf Maa\u00df<\/p>\n<p><img loading=\"lazy\" decoding=\"async\" class=\"alignnone size-medium wp-image-4115\" src=\"http:\/\/ftg-pfungstadt-sportakrobatik.de\/wp-content\/uploads\/2020\/01\/IMG_3344--200x300.jpg\" alt=\"\" width=\"200\" height=\"300\" srcset=\"https:\/\/ftg-pfungstadt-sportakrobatik.de\/wp-content\/uploads\/2020\/01\/IMG_3344--200x300.jpg 200w, https:\/\/ftg-pfungstadt-sportakrobatik.de\/wp-content\/uploads\/2020\/01\/IMG_3344--768x1152.jpg 768w, https:\/\/ftg-pfungstadt-sportakrobatik.de\/wp-content\/uploads\/2020\/01\/IMG_3344--683x1024.jpg 683w, https:\/\/ftg-pfungstadt-sportakrobatik.de\/wp-content\/uploads\/2020\/01\/IMG_3344--696x1044.jpg 696w, https:\/\/ftg-pfungstadt-sportakrobatik.de\/wp-content\/uploads\/2020\/01\/IMG_3344--1068x1602.jpg 1068w, https:\/\/ftg-pfungstadt-sportakrobatik.de\/wp-content\/uploads\/2020\/01\/IMG_3344--280x420.jpg 280w\" sizes=\"auto, (max-width: 200px) 100vw, 200px\" \/><img loading=\"lazy\" decoding=\"async\" class=\"alignnone size-medium wp-image-4117\" src=\"http:\/\/ftg-pfungstadt-sportakrobatik.de\/wp-content\/uploads\/2020\/01\/IMG_3354--300x200.jpg\" alt=\"\" width=\"300\" height=\"200\" srcset=\"https:\/\/ftg-pfungstadt-sportakrobatik.de\/wp-content\/uploads\/2020\/01\/IMG_3354--300x200.jpg 300w, https:\/\/ftg-pfungstadt-sportakrobatik.de\/wp-content\/uploads\/2020\/01\/IMG_3354--768x512.jpg 768w, https:\/\/ftg-pfungstadt-sportakrobatik.de\/wp-content\/uploads\/2020\/01\/IMG_3354--1024x683.jpg 1024w, https:\/\/ftg-pfungstadt-sportakrobatik.de\/wp-content\/uploads\/2020\/01\/IMG_3354--696x464.jpg 696w, https:\/\/ftg-pfungstadt-sportakrobatik.de\/wp-content\/uploads\/2020\/01\/IMG_3354--1068x712.jpg 1068w, https:\/\/ftg-pfungstadt-sportakrobatik.de\/wp-content\/uploads\/2020\/01\/IMG_3354--630x420.jpg 630w\" sizes=\"auto, (max-width: 300px) 100vw, 300px\" \/><img loading=\"lazy\" decoding=\"async\" class=\"alignnone size-medium wp-image-4017\" src=\"http:\/\/ftg-pfungstadt-sportakrobatik.de\/wp-content\/uploads\/2020\/01\/IMG_4078--200x300.jpg\" alt=\"\" width=\"200\" height=\"300\" srcset=\"https:\/\/ftg-pfungstadt-sportakrobatik.de\/wp-content\/uploads\/2020\/01\/IMG_4078--200x300.jpg 200w, https:\/\/ftg-pfungstadt-sportakrobatik.de\/wp-content\/uploads\/2020\/01\/IMG_4078--768x1152.jpg 768w, https:\/\/ftg-pfungstadt-sportakrobatik.de\/wp-content\/uploads\/2020\/01\/IMG_4078--683x1024.jpg 683w, https:\/\/ftg-pfungstadt-sportakrobatik.de\/wp-content\/uploads\/2020\/01\/IMG_4078--696x1044.jpg 696w, https:\/\/ftg-pfungstadt-sportakrobatik.de\/wp-content\/uploads\/2020\/01\/IMG_4078--1068x1602.jpg 1068w, https:\/\/ftg-pfungstadt-sportakrobatik.de\/wp-content\/uploads\/2020\/01\/IMG_4078--280x420.jpg 280w\" sizes=\"auto, (max-width: 200px) 100vw, 200px\" \/>\u00a0\u00a0<img loading=\"lazy\" decoding=\"async\" class=\"alignnone size-medium wp-image-4023\" src=\"http:\/\/ftg-pfungstadt-sportakrobatik.de\/wp-content\/uploads\/2020\/01\/IMG_4101--200x300.jpg\" alt=\"\" width=\"200\" height=\"300\" srcset=\"https:\/\/ftg-pfungstadt-sportakrobatik.de\/wp-content\/uploads\/2020\/01\/IMG_4101--200x300.jpg 200w, https:\/\/ftg-pfungstadt-sportakrobatik.de\/wp-content\/uploads\/2020\/01\/IMG_4101--768x1152.jpg 768w, https:\/\/ftg-pfungstadt-sportakrobatik.de\/wp-content\/uploads\/2020\/01\/IMG_4101--683x1024.jpg 683w, https:\/\/ftg-pfungstadt-sportakrobatik.de\/wp-content\/uploads\/2020\/01\/IMG_4101--696x1044.jpg 696w, https:\/\/ftg-pfungstadt-sportakrobatik.de\/wp-content\/uploads\/2020\/01\/IMG_4101--1068x1602.jpg 1068w, https:\/\/ftg-pfungstadt-sportakrobatik.de\/wp-content\/uploads\/2020\/01\/IMG_4101--280x420.jpg 280w\" sizes=\"auto, (max-width: 200px) 100vw, 200px\" \/><\/p>\n<p>&nbsp;<\/p>\n<p>Sascha und Isha<br \/>\nTrainer\/in: No\u00e9lle-Christin Binczyk, David M\u00fcllmann, Olaf Maa\u00df<\/p>\n<p><img loading=\"lazy\" decoding=\"async\" class=\"alignnone size-medium wp-image-3763\" src=\"http:\/\/ftg-pfungstadt-sportakrobatik.de\/wp-content\/uploads\/2019\/12\/IMG_0112a-1500-200x300.jpg\" alt=\"\" width=\"200\" height=\"300\" srcset=\"https:\/\/ftg-pfungstadt-sportakrobatik.de\/wp-content\/uploads\/2019\/12\/IMG_0112a-1500-200x300.jpg 200w, https:\/\/ftg-pfungstadt-sportakrobatik.de\/wp-content\/uploads\/2019\/12\/IMG_0112a-1500-768x1152.jpg 768w, https:\/\/ftg-pfungstadt-sportakrobatik.de\/wp-content\/uploads\/2019\/12\/IMG_0112a-1500-683x1024.jpg 683w, https:\/\/ftg-pfungstadt-sportakrobatik.de\/wp-content\/uploads\/2019\/12\/IMG_0112a-1500-696x1044.jpg 696w, https:\/\/ftg-pfungstadt-sportakrobatik.de\/wp-content\/uploads\/2019\/12\/IMG_0112a-1500-280x420.jpg 280w, https:\/\/ftg-pfungstadt-sportakrobatik.de\/wp-content\/uploads\/2019\/12\/IMG_0112a-1500.jpg 1000w\" sizes=\"auto, (max-width: 200px) 100vw, 200px\" \/> <img loading=\"lazy\" decoding=\"async\" class=\"alignnone size-medium wp-image-3762\" src=\"http:\/\/ftg-pfungstadt-sportakrobatik.de\/wp-content\/uploads\/2019\/12\/IMG_0108b-1500-300x300.jpg\" alt=\"\" width=\"300\" height=\"300\" srcset=\"https:\/\/ftg-pfungstadt-sportakrobatik.de\/wp-content\/uploads\/2019\/12\/IMG_0108b-1500-300x300.jpg 300w, https:\/\/ftg-pfungstadt-sportakrobatik.de\/wp-content\/uploads\/2019\/12\/IMG_0108b-1500-150x150.jpg 150w, https:\/\/ftg-pfungstadt-sportakrobatik.de\/wp-content\/uploads\/2019\/12\/IMG_0108b-1500-768x768.jpg 768w, https:\/\/ftg-pfungstadt-sportakrobatik.de\/wp-content\/uploads\/2019\/12\/IMG_0108b-1500-1024x1024.jpg 1024w, https:\/\/ftg-pfungstadt-sportakrobatik.de\/wp-content\/uploads\/2019\/12\/IMG_0108b-1500-696x696.jpg 696w, https:\/\/ftg-pfungstadt-sportakrobatik.de\/wp-content\/uploads\/2019\/12\/IMG_0108b-1500-1068x1068.jpg 1068w, https:\/\/ftg-pfungstadt-sportakrobatik.de\/wp-content\/uploads\/2019\/12\/IMG_0108b-1500-420x420.jpg 420w, https:\/\/ftg-pfungstadt-sportakrobatik.de\/wp-content\/uploads\/2019\/12\/IMG_0108b-1500.jpg 1500w\" sizes=\"auto, (max-width: 300px) 100vw, 300px\" \/> <img loading=\"lazy\" decoding=\"async\" class=\"alignnone size-medium wp-image-3765\" src=\"http:\/\/ftg-pfungstadt-sportakrobatik.de\/wp-content\/uploads\/2019\/12\/IMG_0123a-1500-200x300.jpg\" alt=\"\" width=\"200\" height=\"300\" srcset=\"https:\/\/ftg-pfungstadt-sportakrobatik.de\/wp-content\/uploads\/2019\/12\/IMG_0123a-1500-200x300.jpg 200w, https:\/\/ftg-pfungstadt-sportakrobatik.de\/wp-content\/uploads\/2019\/12\/IMG_0123a-1500-768x1152.jpg 768w, https:\/\/ftg-pfungstadt-sportakrobatik.de\/wp-content\/uploads\/2019\/12\/IMG_0123a-1500-683x1024.jpg 683w, https:\/\/ftg-pfungstadt-sportakrobatik.de\/wp-content\/uploads\/2019\/12\/IMG_0123a-1500-696x1044.jpg 696w, https:\/\/ftg-pfungstadt-sportakrobatik.de\/wp-content\/uploads\/2019\/12\/IMG_0123a-1500-280x420.jpg 280w, https:\/\/ftg-pfungstadt-sportakrobatik.de\/wp-content\/uploads\/2019\/12\/IMG_0123a-1500.jpg 1000w\" sizes=\"auto, (max-width: 200px) 100vw, 200px\" \/> <img loading=\"lazy\" decoding=\"async\" class=\"alignnone size-medium wp-image-3766\" src=\"http:\/\/ftg-pfungstadt-sportakrobatik.de\/wp-content\/uploads\/2019\/12\/IMG_0131a-1500-200x300.jpg\" alt=\"\" width=\"200\" height=\"300\" srcset=\"https:\/\/ftg-pfungstadt-sportakrobatik.de\/wp-content\/uploads\/2019\/12\/IMG_0131a-1500-200x300.jpg 200w, https:\/\/ftg-pfungstadt-sportakrobatik.de\/wp-content\/uploads\/2019\/12\/IMG_0131a-1500-768x1152.jpg 768w, https:\/\/ftg-pfungstadt-sportakrobatik.de\/wp-content\/uploads\/2019\/12\/IMG_0131a-1500-683x1024.jpg 683w, https:\/\/ftg-pfungstadt-sportakrobatik.de\/wp-content\/uploads\/2019\/12\/IMG_0131a-1500-696x1044.jpg 696w, https:\/\/ftg-pfungstadt-sportakrobatik.de\/wp-content\/uploads\/2019\/12\/IMG_0131a-1500-280x420.jpg 280w, https:\/\/ftg-pfungstadt-sportakrobatik.de\/wp-content\/uploads\/2019\/12\/IMG_0131a-1500.jpg 1000w\" sizes=\"auto, (max-width: 200px) 100vw, 200px\" \/><\/p>\n<p>&nbsp;<\/p>\n","protected":false},"excerpt":{"rendered":"<p>Kaija, Vici und Emma Sch\u00fcler Trainer\/in: Celina Tannert Ida und Lilly Jugend Trainer\/in: Sophia Kunder &nbsp; Isabel, No\u00e9mi und Yujin Jugend Trainer\/in: Vanessa Rapp, David M\u00fcllmann \u00a0 &nbsp; Alida, Jana und Lilly Jugend Trainer\/in: No\u00e9lle-Christin Binczyk, Olaf Maa\u00df &nbsp; Luise und Juliana Junioren 2 Trainer\/in: Vanessa Rapp, Olaf Maa\u00df \u00a0\u00a0 &nbsp; Sascha und Isha Trainer\/in: [&hellip;]<\/p>\n","protected":false},"author":3,"featured_media":0,"parent":0,"menu_order":0,"comment_status":"closed","ping_status":"closed","template":"","meta":{"footnotes":""},"class_list":["post-4230","page","type-page","status-publish","hentry"],"_links":{"self":[{"href":"https:\/\/ftg-pfungstadt-sportakrobatik.de\/index.php?rest_route=\/wp\/v2\/pages\/4230","targetHints":{"allow":["GET"]}}],"collection":[{"href":"https:\/\/ftg-pfungstadt-sportakrobatik.de\/index.php?rest_route=\/wp\/v2\/pages"}],"about":[{"href":"https:\/\/ftg-pfungstadt-sportakrobatik.de\/index.php?rest_route=\/wp\/v2\/types\/page"}],"author":[{"embeddable":true,"href":"https:\/\/ftg-pfungstadt-sportakrobatik.de\/index.php?rest_route=\/wp\/v2\/users\/3"}],"replies":[{"embeddable":true,"href":"https:\/\/ftg-pfungstadt-sportakrobatik.de\/index.php?rest_route=%2Fwp%2Fv2%2Fcomments&post=4230"}],"version-history":[{"count":4,"href":"https:\/\/ftg-pfungstadt-sportakrobatik.de\/index.php?rest_route=\/wp\/v2\/pages\/4230\/revisions"}],"predecessor-version":[{"id":4234,"href":"https:\/\/ftg-pfungstadt-sportakrobatik.de\/index.php?rest_route=\/wp\/v2\/pages\/4230\/revisions\/4234"}],"wp:attachment":[{"href":"https:\/\/ftg-pfungstadt-sportakrobatik.de\/index.php?rest_route=%2Fwp%2Fv2%2Fmedia&parent=4230"}],"curies":[{"name":"wp","href":"https:\/\/api.w.org\/{rel}","templated":true}]}}