{"id":74,"date":"2018-02-23T16:07:32","date_gmt":"2018-02-23T15:07:32","guid":{"rendered":"http:\/\/ftg-pfungstadt-fussball.de\/sportakrobatik\/?page_id=74"},"modified":"2024-03-03T11:54:23","modified_gmt":"2024-03-03T10:54:23","slug":"auftritte","status":"publish","type":"page","link":"https:\/\/ftg-pfungstadt-sportakrobatik.de\/?page_id=74","title":{"rendered":"Auftritte"},"content":{"rendered":"<div class=\"vce-row-container\">\n<div id=\"el-faa9f31a\" class=\"vce-row vce-row--col-gap-30 vce-row-columns--top vce-row-content--top\" data-vce-do-apply=\"all el-faa9f31a\">\n<div class=\"vce-row-content\" data-vce-element-content=\"true\">\n<div id=\"el-d7444e8e\" class=\"vce-col vce-col--md-100p vce-col--xs-1 vce-col--xs-last vce-col--xs-first vce-col--sm-last vce-col--sm-first vce-col--md-last vce-col--lg-last vce-col--xl-last vce-col--md-first vce-col--lg-first vce-col--xl-first\" data-vce-do-apply=\"background el-d7444e8e\">\n<div class=\"vce-col-inner\" data-vce-element-content=\"true\" data-vce-do-apply=\"padding margin border el-d7444e8e\">\n<div class=\"vce-text-block\">\n<div id=\"el-c5ae6a6f\" class=\"vce-text-block-wrapper vce\" data-vce-do-apply=\"all el-c5ae6a6f\">\n<p align=\"center\"><b><span style=\"font-family: Arial; font-size: large;\">Die Pfungst\u00e4dter Sportakrobaten bieten Auftritte und Shows f\u00fcr verschiedene Anl\u00e4sse an.<\/span><\/b><\/p>\n<p align=\"center\"><img loading=\"lazy\" decoding=\"async\" class=\" wp-image-3865 aligncenter\" src=\"http:\/\/ftg-pfungstadt-sportakrobatik.de\/wp-content\/uploads\/2019\/12\/IMG_4010-10-300x200.jpg\" alt=\"\" width=\"327\" height=\"218\" srcset=\"https:\/\/ftg-pfungstadt-sportakrobatik.de\/wp-content\/uploads\/2019\/12\/IMG_4010-10-300x200.jpg 300w, https:\/\/ftg-pfungstadt-sportakrobatik.de\/wp-content\/uploads\/2019\/12\/IMG_4010-10-768x512.jpg 768w, https:\/\/ftg-pfungstadt-sportakrobatik.de\/wp-content\/uploads\/2019\/12\/IMG_4010-10-1024x683.jpg 1024w, https:\/\/ftg-pfungstadt-sportakrobatik.de\/wp-content\/uploads\/2019\/12\/IMG_4010-10-696x464.jpg 696w, https:\/\/ftg-pfungstadt-sportakrobatik.de\/wp-content\/uploads\/2019\/12\/IMG_4010-10-1068x712.jpg 1068w, https:\/\/ftg-pfungstadt-sportakrobatik.de\/wp-content\/uploads\/2019\/12\/IMG_4010-10-630x420.jpg 630w, https:\/\/ftg-pfungstadt-sportakrobatik.de\/wp-content\/uploads\/2019\/12\/IMG_4010-10.jpg 1500w\" sizes=\"auto, (max-width: 327px) 100vw, 327px\" \/><\/p>\n<p align=\"center\"><img loading=\"lazy\" decoding=\"async\" class=\"alignnone size-full wp-image-6176\" src=\"https:\/\/ftg-pfungstadt-sportakrobatik.de\/wp-content\/uploads\/2024\/03\/IMG_1344-1800.jpg\" alt=\"\" width=\"1800\" height=\"1200\" srcset=\"https:\/\/ftg-pfungstadt-sportakrobatik.de\/wp-content\/uploads\/2024\/03\/IMG_1344-1800.jpg 1800w, https:\/\/ftg-pfungstadt-sportakrobatik.de\/wp-content\/uploads\/2024\/03\/IMG_1344-1800-300x200.jpg 300w, https:\/\/ftg-pfungstadt-sportakrobatik.de\/wp-content\/uploads\/2024\/03\/IMG_1344-1800-1024x683.jpg 1024w, https:\/\/ftg-pfungstadt-sportakrobatik.de\/wp-content\/uploads\/2024\/03\/IMG_1344-1800-768x512.jpg 768w, https:\/\/ftg-pfungstadt-sportakrobatik.de\/wp-content\/uploads\/2024\/03\/IMG_1344-1800-1536x1024.jpg 1536w, https:\/\/ftg-pfungstadt-sportakrobatik.de\/wp-content\/uploads\/2024\/03\/IMG_1344-1800-696x464.jpg 696w, https:\/\/ftg-pfungstadt-sportakrobatik.de\/wp-content\/uploads\/2024\/03\/IMG_1344-1800-1068x712.jpg 1068w, https:\/\/ftg-pfungstadt-sportakrobatik.de\/wp-content\/uploads\/2024\/03\/IMG_1344-1800-630x420.jpg 630w\" sizes=\"auto, (max-width: 1800px) 100vw, 1800px\" \/><\/p>\n<p align=\"center\">Auftritte mit 10-25 Sportlerinnen und Sportlern f\u00fcr Gro\u00dfveranstaltungen.<br \/>\nDauer: ca. 5-10 Minuten<br \/>\nVoraussetzung: Fl\u00e4che mind. 6x12m, H\u00f6he min. 6m<\/p>\n<p align=\"center\">***<\/p>\n<p align=\"center\"><img loading=\"lazy\" decoding=\"async\" class=\"size-medium wp-image-2200 aligncenter\" src=\"http:\/\/ftg-pfungstadt-sportakrobatik.de\/wp-content\/uploads\/2019\/02\/52255779_2504089449663612_5960424522396991488_n-300x178.jpg\" alt=\"\" width=\"300\" height=\"178\" srcset=\"https:\/\/ftg-pfungstadt-sportakrobatik.de\/wp-content\/uploads\/2019\/02\/52255779_2504089449663612_5960424522396991488_n-300x178.jpg 300w, https:\/\/ftg-pfungstadt-sportakrobatik.de\/wp-content\/uploads\/2019\/02\/52255779_2504089449663612_5960424522396991488_n-768x454.jpg 768w, https:\/\/ftg-pfungstadt-sportakrobatik.de\/wp-content\/uploads\/2019\/02\/52255779_2504089449663612_5960424522396991488_n-696x412.jpg 696w, https:\/\/ftg-pfungstadt-sportakrobatik.de\/wp-content\/uploads\/2019\/02\/52255779_2504089449663612_5960424522396991488_n-710x420.jpg 710w, https:\/\/ftg-pfungstadt-sportakrobatik.de\/wp-content\/uploads\/2019\/02\/52255779_2504089449663612_5960424522396991488_n.jpg 960w\" sizes=\"auto, (max-width: 300px) 100vw, 300px\" \/>Auftritte mit ca. 5-15 Sportlerinnen und Sportlern f\u00fcr kleinere Anl\u00e4sse, wie Geburtstage, Firmenfeiern, Jubil\u00e4en oder sonstigen Veranstaltungen.<\/p>\n<p align=\"center\">Dauer: 5-8 Minuten<br \/>\nVoraussetzungen: Fl\u00e4che mit mind. 8x5m, H\u00f6he min. 5-6 m<\/p>\n<p align=\"center\">***<\/p>\n<p align=\"center\"><img loading=\"lazy\" decoding=\"async\" class=\"alignnone size-medium wp-image-3339\" src=\"http:\/\/ftg-pfungstadt-sportakrobatik.de\/wp-content\/uploads\/2019\/10\/AJL-IL-300x203.jpg\" alt=\"\" width=\"300\" height=\"203\" srcset=\"https:\/\/ftg-pfungstadt-sportakrobatik.de\/wp-content\/uploads\/2019\/10\/AJL-IL-300x203.jpg 300w, https:\/\/ftg-pfungstadt-sportakrobatik.de\/wp-content\/uploads\/2019\/10\/AJL-IL.jpg 438w\" sizes=\"auto, (max-width: 300px) 100vw, 300px\" \/><br \/>\nWettkampf\u00fcbungen von 2:30 min.<br \/>\nDiese \u00dcbungen werden am Wettkampf\/Turnier gezeigt.<br \/>\nFl\u00e4che 12x12m<\/p>\n<p align=\"center\">F\u00fcr die Buchung dieser Gruppe k\u00f6nnen Sie uns Per E-Mail:\u00a0<a href=\"mailto:sport.akro@ftgpfungstadt.de\">sport.akro@ftgpfungstadt.de<\/a>\u00a0Betreff &#8222;Sportakrobatik Leistungsgruppe&#8220; kontaktieren.<\/p>\n<p align=\"center\">&#8212;&#8212;&#8211;<\/p>\n<p align=\"center\"><b>U<span style=\"font-size: large;\">nsere Turnabteilung hat auch eine Auftritts-Gruppe ins Leben gerufen.<\/span><\/b><\/p>\n<p align=\"center\"><b><span style=\"font-size: x-large;\">&#8222;Akrokids&#8220;<\/span><\/b><\/p>\n<p style=\"text-align: center;\"><img loading=\"lazy\" decoding=\"async\" class=\"alignnone wp-image-5454\" src=\"https:\/\/ftg-pfungstadt-sportakrobatik.de\/wp-content\/uploads\/2022\/12\/IMG_2701-1200px.jpg\" alt=\"\" width=\"423\" height=\"282\" srcset=\"https:\/\/ftg-pfungstadt-sportakrobatik.de\/wp-content\/uploads\/2022\/12\/IMG_2701-1200px.jpg 1200w, https:\/\/ftg-pfungstadt-sportakrobatik.de\/wp-content\/uploads\/2022\/12\/IMG_2701-1200px-300x200.jpg 300w, https:\/\/ftg-pfungstadt-sportakrobatik.de\/wp-content\/uploads\/2022\/12\/IMG_2701-1200px-1024x683.jpg 1024w, https:\/\/ftg-pfungstadt-sportakrobatik.de\/wp-content\/uploads\/2022\/12\/IMG_2701-1200px-768x512.jpg 768w, https:\/\/ftg-pfungstadt-sportakrobatik.de\/wp-content\/uploads\/2022\/12\/IMG_2701-1200px-696x464.jpg 696w, https:\/\/ftg-pfungstadt-sportakrobatik.de\/wp-content\/uploads\/2022\/12\/IMG_2701-1200px-1068x712.jpg 1068w, https:\/\/ftg-pfungstadt-sportakrobatik.de\/wp-content\/uploads\/2022\/12\/IMG_2701-1200px-630x420.jpg 630w\" sizes=\"auto, (max-width: 423px) 100vw, 423px\" \/><\/p>\n<p>\u00a0 \u00a0 \u00a0 \u00a0 \u00a0 \u00a0 \u00a0 \u00a0 \u00a0 \u00a0 \u00a0 \u00a0 <img loading=\"lazy\" decoding=\"async\" class=\"alignnone wp-image-5455\" src=\"https:\/\/ftg-pfungstadt-sportakrobatik.de\/wp-content\/uploads\/2022\/12\/IMG_2731-1200px.jpg\" alt=\"\" width=\"428\" height=\"285\" srcset=\"https:\/\/ftg-pfungstadt-sportakrobatik.de\/wp-content\/uploads\/2022\/12\/IMG_2731-1200px.jpg 1200w, https:\/\/ftg-pfungstadt-sportakrobatik.de\/wp-content\/uploads\/2022\/12\/IMG_2731-1200px-300x200.jpg 300w, https:\/\/ftg-pfungstadt-sportakrobatik.de\/wp-content\/uploads\/2022\/12\/IMG_2731-1200px-1024x683.jpg 1024w, https:\/\/ftg-pfungstadt-sportakrobatik.de\/wp-content\/uploads\/2022\/12\/IMG_2731-1200px-768x512.jpg 768w, https:\/\/ftg-pfungstadt-sportakrobatik.de\/wp-content\/uploads\/2022\/12\/IMG_2731-1200px-696x464.jpg 696w, https:\/\/ftg-pfungstadt-sportakrobatik.de\/wp-content\/uploads\/2022\/12\/IMG_2731-1200px-1068x712.jpg 1068w, https:\/\/ftg-pfungstadt-sportakrobatik.de\/wp-content\/uploads\/2022\/12\/IMG_2731-1200px-630x420.jpg 630w\" sizes=\"auto, (max-width: 428px) 100vw, 428px\" \/><\/p>\n<p align=\"center\">Wir sind eine Nachwuchs-Akrobatengruppe bestehend aus ca. 15 Sportler zwischen 7 und 17 Jahren, die ein Programm von ca. 8-10 Minuten einstudiert haben.<\/p>\n<p align=\"center\">F\u00fcr die Buchung dieser Gruppe k\u00f6nnen Sie uns Per E-Mail:\u00a0<a href=\"mailto:sport.akro@ftgpfungstadt.de\">sport.akro@ftgpfungstadt.de<\/a>\u00a0Betreff &#8222;Akrokids&#8220; kontaktieren.<\/p>\n<p align=\"center\">Wie auch bei den Auftritten der Sportakrobaten ben\u00f6tigen sie genug Platz und H\u00f6he. Die Mattenma\u00dfe betragen 8 x 5 m.<\/p>\n<p align=\"center\">Die Akrokids sind auch auf Facebook zu finden.\u00a0<a href=\"https:\/\/de-de.facebook.com\/FTG-Pfungstadt-Akrokids-1588615341455508\/\" target=\"_blank\" rel=\"noopener noreferrer\"><img loading=\"lazy\" decoding=\"async\" src=\"http:\/\/www.ftgpfungstadt.de\/sportakrobatik\/pics\/FB.jpg\" width=\"39\" height=\"31\" border=\"0\" \/><\/a><\/p>\n<\/div>\n<\/div>\n<\/div>\n<\/div>\n<\/div>\n<\/div>\n<\/div>\n<p><!--vcv no format--><\/p>\n","protected":false},"excerpt":{"rendered":"<p>Die Pfungst\u00e4dter Sportakrobaten bieten Auftritte und Shows f\u00fcr verschiedene Anl\u00e4sse an. Auftritte mit 10-25 Sportlerinnen und Sportlern f\u00fcr Gro\u00dfveranstaltungen. Dauer: ca. 5-10 Minuten Voraussetzung: Fl\u00e4che mind. 6x12m, H\u00f6he min. 6m *** Auftritte mit ca. 5-15 Sportlerinnen und Sportlern f\u00fcr kleinere Anl\u00e4sse, wie Geburtstage, Firmenfeiern, Jubil\u00e4en oder sonstigen Veranstaltungen. Dauer: 5-8 Minuten Voraussetzungen: Fl\u00e4che mit mind. [&hellip;]<\/p>\n","protected":false},"author":1,"featured_media":0,"parent":0,"menu_order":0,"comment_status":"closed","ping_status":"closed","template":"","meta":{"footnotes":""},"class_list":["post-74","page","type-page","status-publish","hentry"],"_links":{"self":[{"href":"https:\/\/ftg-pfungstadt-sportakrobatik.de\/index.php?rest_route=\/wp\/v2\/pages\/74","targetHints":{"allow":["GET"]}}],"collection":[{"href":"https:\/\/ftg-pfungstadt-sportakrobatik.de\/index.php?rest_route=\/wp\/v2\/pages"}],"about":[{"href":"https:\/\/ftg-pfungstadt-sportakrobatik.de\/index.php?rest_route=\/wp\/v2\/types\/page"}],"author":[{"embeddable":true,"href":"https:\/\/ftg-pfungstadt-sportakrobatik.de\/index.php?rest_route=\/wp\/v2\/users\/1"}],"replies":[{"embeddable":true,"href":"https:\/\/ftg-pfungstadt-sportakrobatik.de\/index.php?rest_route=%2Fwp%2Fv2%2Fcomments&post=74"}],"version-history":[{"count":11,"href":"https:\/\/ftg-pfungstadt-sportakrobatik.de\/index.php?rest_route=\/wp\/v2\/pages\/74\/revisions"}],"predecessor-version":[{"id":6178,"href":"https:\/\/ftg-pfungstadt-sportakrobatik.de\/index.php?rest_route=\/wp\/v2\/pages\/74\/revisions\/6178"}],"wp:attachment":[{"href":"https:\/\/ftg-pfungstadt-sportakrobatik.de\/index.php?rest_route=%2Fwp%2Fv2%2Fmedia&parent=74"}],"curies":[{"name":"wp","href":"https:\/\/api.w.org\/{rel}","templated":true}]}}